)/(-5) - -1) a composite number?
False
Suppose -2*s = a - 1 + 4, -2*s = 4*a. Is (3*(s + 3))/(54/5598) composite?
False
Suppose -3*h = 12, -2*h = -0*d + 2*d - 3610. Suppose -a - 273 = 5*m - d, -2*a = -5*m - 3132. Suppose 4*q = x - 1263, 3*q + 5390 = 3*x + a. Is x prime?
True
Suppose -7*p - 11*p = 16*p - 13328. Let f(t) = -t - 1. Let q be f(-5). Suppose 4*m + 7*r = 2*r + 397, -p = -4*m - q*r. Is m prime?
False
Suppose 8*n - 10527859 = -3*n - 12*n. Is n composite?
True
Let t be (-1 + -3)*(35/14 - 3). Suppose 27012 = 5*d - t*d. Suppose -9*m = -21335 - d. Is m composite?
False
Suppose 0 = -3*l + 7*l + 4*k - 1448, -3*l - 4*k = -1091. Let c = l + -20. Is c a prime number?
True
Suppose -3*v + 12 = -5*q + 4*q, 2*q - 4 = -v. Suppose f + 3*a - 7 = 2*f, -v*a + 18 = 3*f. Suppose 3*n + f*d - 1763 = 0, -830 - 2109 = -5*n - 4*d. Is n prime?
True
Suppose 0 = 125*l - 65*l - 898140. Is l prime?
True
Let q(w) = 81*w - 17. Let y = -70 + 115. Suppose 2*l - 3 - y = 0. Is q(l) composite?
True
Let k be 3/(-3) + (-5)/(-2)*2. Suppose -k*x + 1 = -7, 2*f + x = 7396. Is f a composite number?
False
Let x = -32 - -3043. Let n = 700 + x. Is n a composite number?
True
Is (-140972719)/(-205) + 8/(-10) prime?
False
Let n(i) = 3*i + 30. Let m be n(-10). Suppose m = 12*q - 152412 + 5688. Is q a prime number?
True
Let x(w) = 1114*w + 3. Let l be -3 + 13/5 + (-26)/10. Let o be x(l). Let q = o + 4882. Is q a prime number?
True
Suppose 4*y - z = -7063 + 16892, z = 5*y - 12287. Let o = y + -1253. Is o a prime number?
False
Suppose 711*f = 722*f - 231121. Is f a prime number?
True
Suppose 2*c = -s + 29448, -2*s + 14096 = 5*c - 44801. Is s a composite number?
True
Let l(s) = s**3 + 21*s**2 + 21*s + 22. Let v be l(-20). Is (-3)/v - 15748/(-8) a prime number?
False
Let s = 780199 + 7798. Is s a composite number?
True
Suppose -11455823 = -4*p + 3*r, 5*r - 5727905 = -1913*p + 1911*p. Is p a prime number?
False
Suppose 0 = -5*c - 15*g + 10*g + 715290, 3*g = 4*c - 572197. Is c a composite number?
False
Is 14/3*(76/(-798) + (-66630639)/(-126)) composite?
True
Let d(p) = 2*p**2 - 2*p - 2. Let w be d(3). Suppose 0 = 2*j + w, -3*l + 8*l + 2*j = 3145. Is l a prime number?
True
Suppose 0 = 10*s - 8*s + 8. Let h be -4 + (21 - s) + 1. Is (h/(-4))/(4*(-2)/3376) a composite number?
True
Let y = 42707 - 11488. Let k = -19916 + y. Is k a prime number?
False
Let b = -9 + 13. Suppose p = 5*c - b*p - 5, -3*c + 5 = -p. Suppose -310 = c*q - 4620. Is q composite?
True
Let u = 22 + -22. Suppose -l = x + 2*x + 746, u = 4*x - 4. Is l/(-3) - 8/(-6) prime?
True
Suppose -16649 = n - 17487. Is n a composite number?
True
Let o(z) = -14 + 3*z**2 - z**3 + 2*z + 8 + 3. Let k be o(3). Suppose 6*y = k*y + 5205. Is y a prime number?
False
Is (2/(-7) - (11 + (-184758357)/294))*2 composite?
False
Suppose 61*x - 16439302 = 30876019. Is x composite?
False
Let p = -112 - -117. Suppose -p*l = -3533 - 4182. Is l composite?
False
Is 15818/1 - (-38 - -23) a composite number?
True
Suppose -2142*t - 11082 = -2148*t. Is t prime?
True
Is 5386465/(-134)*4/(-10) prime?
False
Let d be (23259/(-2))/((-5)/40*6). Suppose 22*u = d + 25524. Is u a composite number?
True
Let g = -81 + 69. Let j = -9 - g. Suppose 6*y - 4216 = 3*y - 5*x, -2*y = -j*x - 2779. Is y a prime number?
False
Let g = 9 - 12. Let h(f) = -10*f - 65. Let j be h(-8). Is (j + g)/(-3) - -761 composite?
False
Suppose 126*g + 10685676 = 31441530. Is g a composite number?
False
Suppose q + 760878 = 2*m, 0 = 7*q - 43 + 15. Is m composite?
False
Let g(m) = 415*m**2 - 73*m - 1467. Is g(-20) composite?
True
Let t(k) = k**3 + 2*k + 2787. Suppose -c = 4*c - 35. Let o = 7 - c. Is t(o) a composite number?
True
Is ((-654708)/20)/(10/(-8) - (-351)/540) a prime number?
True
Let n(o) = o**3 + 12*o**2 + 10*o - 7. Let j be n(-11). Suppose h + 0 = -2*m + 4, -2*h + 23 = m. Is (-156)/(-42) + j/h - -1038 a prime number?
False
Let t = 730 + -465. Suppose -u + t = 4*m, 11*u - 10*u - m = 250. Is u prime?
False
Let i = 509 + -461. Suppose i*g = 50*g - 47914. Is g a prime number?
True
Suppose -5*f - 2 = -m, -6*m - 4*f + 10 = -m. Let a(p) = 634*p**3 + p**2 + 3*p - 5. Is a(m) prime?
True
Is 6469*(2/(-3))/((-4)/6) prime?
True
Let d(p) = 480*p**2 + 3 + 7 - p - 12*p + 18. Is d(5) a composite number?
True
Suppose 2*n - 5*c = 27011 + 15685, -3*c = 5*n - 106771. Is n composite?
True
Let j(o) = -o**3 - 3*o**2 + 2*o + 3. Let f be j(-3). Is (-2)/4*(-18)/f + 748 prime?
False
Let f(q) = -2*q**3 + 10*q**2 - 20. Let g be f(4). Suppose 78276 + 219072 = g*x. Is x a composite number?
True
Suppose -560139 = -7*s + 1978299 + 567497. Is s prime?
False
Is 6/(-129) + 31855544/2408 composite?
False
Let p be (0 - -109)*(567 - 3)/(-4). Let n = p - -27656. Is n composite?
True
Let s(u) = -786*u - 9. Let a(g) = -5*g**3 + 4*g**3 - 4*g**2 + 5*g + 543 - 545. Let v be a(-5). Is s(v) composite?
True
Let q be -10*4/(-20) - 1. Suppose i = -q, -2*i - 1495 = -5*n - 208. Is n composite?
False
Let a = 340626 - 183607. Is a prime?
True
Let b = 15364 - -6495. Is b composite?
False
Let i be ((-48)/(-96))/((-1)/2). Is 87393/12 + ((-3)/4 - i) a composite number?
False
Suppose -k - 20953 - 22893 = -23*k. Is k composite?
False
Suppose -84 = -4*u - 2*f + 50, 123 = 3*u - 3*f. Suppose -3*m + 15341 = -u*p + 40*p, 19168 = 5*p + m. Is p a composite number?
False
Let w(u) = 543*u**2 + 46*u - 295. Is w(9) a prime number?
False
Suppose -5*d + 75 - 65 = 0. Suppose d*g - 8905 = -3*g. Is g composite?
True
Let k = 2411 - 1609. Let g = k - -597. Is g composite?
False
Let x be (-10 - -4) + 4 + 64 + 5. Let k = 704 + x. Is k a composite number?
True
Suppose 0 = 13098*j - 13076*j - 11467786. Is j a prime number?
False
Let o(p) be the third derivative of -p**6/120 + 19*p**5/60 + p**4/24 - p**3/6 - 42*p**2. Let j be o(11). Let s = j + -311. Is s prime?
False
Let l(n) = n**3 - 10*n**2 + 7*n + 23. Let h be l(9). Suppose -z = i - 2172, 0*z + 10878 = h*i - 4*z. Is i a composite number?
True
Let y(a) = 1375*a - 5. Let h be y(1). Suppose 4*k - 2*c - 736 = 1984, 2*k + 4*c = h. Is k a composite number?
True
Let z = 53 - 51. Is (-14)/28 + 599/z composite?
True
Suppose 4*k + 66*r - 63*r - 633260 = 0, 0 = 3*k + r - 474935. Is k composite?
True
Suppose 0 = -57*t + 484941 + 473989 + 2623235. Is t composite?
True
Let p = -219851 + 548670. Is p prime?
False
Is 3069453/15 - (854/70 - 11) prime?
False
Let j = -51 + 56. Suppose -5*w = p + 1 - 61, 0 = -j*w - 5. Is (10/4 - 0)*89258/p prime?
True
Let n(c) = 18 + 6*c**2 - 31 - 3*c - 6*c + 17. Is n(11) composite?
False
Let s = -625011 - -1108774. Is s a composite number?
True
Suppose 5*f + 127 = -3*s, 150 = -4*s + 5*f - 2*f. Let k = -35 - s. Suppose 3*w - 5*a = 1417, 0*w - k*a - 946 = -2*w. Is w a composite number?
True
Let l(p) = 694*p + 4563. Is l(41) a prime number?
False
Let k(d) = -d**3 + 19*d**2 + 15*d + 103. Let g be k(20). Is g/(15/(-5465))*(-10)/2 prime?
False
Let h(a) = 1131*a + 344759. Is h(0) prime?
True
Let f(z) = 2*z + 48. Let t be f(-24). Suppose 0 = 5*k - 2*c - 7 - 2, c = -2*k + 9. Suppose 1232 = 4*d - 2*p, 5*d + k*p - 1793 + 264 = t. Is d a prime number?
True
Let j(m) be the first derivative of 841*m**4/24 - 13*m**3/6 + 21*m**2/2 - 21. Let o(g) be the second derivative of j(g). Is o(6) composite?
True
Suppose 0 = d + 3*t - 5, 0 = -5*d + 9*t - 4*t + 5. Is (d - 447/2)*(0 - 2) a prime number?
True
Let o(j) = j**3 + 104*j**2 + 189*j - 93. Is o(50) a prime number?
True
Is (-632352091)/(-1197) - -1*4/18 composite?
True
Let t(q) = -6*q - 187. Let d be t(0). Let u = 377 + -71. Let i = d + u. Is i a composite number?
True
Suppose 4 = -5*c + 19. Suppose 8*l - 25 = c*l, 1335 = -2*s + 3*l. Let i = -206 - s. Is i prime?
False
Let b = -32618 - -60720. Is b a composite number?
True
Suppose -9*x - 240081 - 9669 = 0. Let c = 79045 + x. Is c prime?
False
Suppose 3*p = -2*b + 4051, -163*b - 6747 = -5*p - 164*b. Is p a prime number?
False
Suppose -5*b = 526 - 11621. Let y = b - -8042. Is y a prime number?
False
Let d = 30 + -27. Suppose d*p + 3*y - 1408 - 1061 = 0, -5*y + 1652 = 2*p. Is p composite?
False
Is 3*6 - 60338860/(-148) prime?
True
Let c be (-8)/28 - 66196/(-14). Suppose -5*f + c = 2*y, -3*y - 2*f + 7849 = 768. Is y prime?
False
Let s(d) be the second derivative of d**4/3 - 13*d**3/6 + 11*d**2 + 3*d - 5. Is s(19) a prime number?
F